0 - s/(-32)). Calculate the highest common divisor of k and 12.
4
Suppose 26*t - 1076 - 146 = 0. Let g = t + -27. Let c(h) = 13*h**2 - 2. Let j be c(-2). Calculate the greatest common factor of j and g.
10
Let d(n) = -7*n**3 + 2*n**2 - 58*n - 11. Let a be d(-8). What is the highest common divisor of 735 and a?
245
Let z(m) = -m**2 + 36*m - 99. Let h be z(22). Suppose -2*c - 207 = -h. Calculate the highest common divisor of 1 and c.
1
Let j = -21 + 41. Suppose -3*u + j = 32. Let m be (-12)/(u*(-3)/(-174)) + 2. What is the highest common divisor of m and 22?
22
Let k = 72 + -54. Suppose -15 = -23*v + k*v. Calculate the greatest common factor of 24 and v.
3
Suppose -42*x + 580 = -41*x. Let m = x - -44. What is the greatest common divisor of 78 and m?
78
Suppose v + 1784 = 4*m, -v - 453 = -461. What is the greatest common divisor of m and 266?
14
Suppose -2*y + 5186 = -r, -69*r = -5*y - 67*r + 12962. Calculate the highest common factor of y and 222.
74
Let m = 12022 + -11965. Calculate the highest common divisor of 81 and m.
3
Let t be ((-105)/12*2)/(98/(-1372)). What is the highest common divisor of t and 105?
35
Suppose 5*j + 17419 = 4*m, -23*m = -27*m - 2*j + 17426. Calculate the highest common divisor of 33 and m.
33
Let p(h) = 2*h**3 - 9*h**2 + 10*h - 5. Let q = -7 - -12. Let u be p(q). Let c = u + -38. Calculate the highest common divisor of c and 4.
4
Suppose -10 = 4*b - 6, 3*b = -3*r + 201. What is the highest common factor of r and 4828?
68
Suppose -2*q - 619 = -6*q + 5*t, -4 = -4*t. Let g be 1/6 - (-5590)/q. Let k = 121 + -67. What is the greatest common divisor of g and k?
18
Let c be -6*1/(-48) - 4737/8. Let g = c + 738. What is the greatest common divisor of 949 and g?
73
Let b be (-47)/(-7) + (-2)/(-7). Suppose -67*z + 4165 = -16*z + 34*z. What is the greatest common factor of z and b?
7
Let n be 1 - (6 - 17) - -12. What is the highest common factor of 23448 and n?
24
Let m(v) = 10*v**2 - v + 5. Let n be m(2). Suppose n = k + 7. Calculate the highest common factor of k and 288.
36
Let x(f) = -11*f + 146. Let j be x(-24). Suppose j - 95 = 7*m. What is the greatest common factor of m and 15?
15
Suppose -5*y + 4*n + 700 = 0, 5*y - 5*n = -2*n + 695. Suppose -3*m + y = -152. Calculate the highest common factor of 72 and m.
24
Suppose 9*q + 1194 - 9969 = 0. What is the highest common divisor of q and 375?
75
Suppose 0 = 2*q - 3*q + 5*z + 7, 0 = 5*z + 5. Let u(i) = 7*i**2 - 35*i - 85. Let m be u(7). What is the greatest common factor of q and m?
1
Let h be -9*(2/(-3))/(8/36). Let d(z) = 99*z + 300. Let m be d(-3). What is the greatest common divisor of m and h?
3
Let s = 111 + -114. Let k be (-145)/15*(-1 + 2)*s. Calculate the highest common factor of k and 87.
29
Suppose -23354*k - 1620 = -23408*k. Suppose 0 = -2*o + 1522 - 232. Calculate the greatest common divisor of k and o.
15
Suppose -443 = -26*k + 597. Let w = 21 + -17. Suppose -2*j + 60 = w*x, 0*j - j + 2*x = -50. What is the greatest common factor of j and k?
40
Suppose -9 = -3*a, 3*y - 3 = -a + 18. Let n be (18/(-29))/(-9) + 8690/145. Calculate the greatest common factor of y and n.
6
Let z be 1/((-16)/160*(-10)/4). Suppose -15 = 3*d, -2*g - 890 = -z*g - 2*d. What is the greatest common factor of g and 50?
50
Suppose 3*v - 6 = 0, 3*v = -n - 0*v + 5. Let c be (-3 - (-3 + 0)) + 116 + n. Suppose -5*g + 109 + 121 = 0. Calculate the highest common factor of g and c.
23
Suppose 3*y - 8*p - 154 = -4*p, -2*y + 3*p = -102. Calculate the highest common divisor of 351 and y.
27
Suppose 4*c - 1956 = -4*f, 169*f = 172*f + 4*c - 1463. Calculate the greatest common factor of 272 and f.
17
Let c(x) = -2*x**3 + 177*x**2 - 1066*x + 76. Let p be c(82). Let q = -21 - -40. Calculate the greatest common factor of p and q.
19
Suppose 2*t = 4, 3 = 3*x + 3*t - 3. Suppose x = -8*o + 16. Calculate the greatest common divisor of o and 7.
1
Suppose -6 = 2*f - 36. Let d(h) = h**3 + 3*h**2 - 6*h + 8. Let m be d(2). Suppose f = -o + m. What is the greatest common divisor of 7 and o?
1
Suppose 0 = 3*n - 112 - 215. Suppose 4*b - j = 184 + n, 211 = 3*b + j. What is the highest common factor of b and 8?
8
Suppose 21*p = 24*p - 4*o - 80, 2*p - 2*o = 54. Calculate the greatest common divisor of 8162 and p.
14
Suppose 169*u - 4758 = -14*u. Calculate the greatest common factor of u and 3757.
13
Suppose 28845 = 7*x - 5*x + l, -15*l = -3*x + 43317. What is the greatest common divisor of 120 and x?
24
Let x be 8808/72 + (2/3)/(-2). Let o = x - 189. Let j = o + 124. What is the greatest common factor of 76 and j?
19
Suppose 3*r - 1998 = -3*r. Suppose -209*j = -7363 - 370. What is the greatest common divisor of r and j?
37
Suppose -3*k - 9*r + 2375 = -4*r, 0 = 2*k + 2*r - 1586. Suppose k = 9*w - 573. What is the greatest common factor of 19 and w?
19
Suppose 3*w + 3775*y - 3771*y = 328, 4*y + 456 = 4*w. Calculate the greatest common factor of w and 4416.
16
Let l be (-64)/(-12)*36/(-16). Let a be 7744/77 + l/21. Calculate the highest common factor of 5 and a.
5
Let r = -901 + 952. Suppose g - f - 4*f = 102, 0 = -g - f + 102. Let m = g - r. Calculate the highest common divisor of m and 561.
51
Suppose 4*w + w - 22 = -3*c, 3*w + 12 = c. Suppose 0 = -3*k + 44 + 10. Let x be 1 + 9/(k/4). What is the greatest common divisor of x and c?
3
Let m(q) = q + 35. Let j be m(-21). Suppose -2*h + 4*a = -20, -2*h = -0*h - 2*a - j. Let s be (-2)/((-4)/(16/h)). What is the highest common factor of s and 2?
2
Let v be 6/(-3) - 12/(-4). Let h be (21/(-5) + 2)/(v/(-5)). Let p(r) = r**3 + 6*r**2 - 6*r. Let u be p(-5). Calculate the highest common divisor of h and u.
11
Suppose -r = -6*r. Suppose r = y + 3*s - 75, y = -s + 47 + 26. Let x = 37 + -28. What is the highest common factor of x and y?
9
Suppose -316 = -2*s + 4*t - 42, -2*s - 2*t + 280 = 0. Let h = s + -137. Calculate the greatest common factor of 38 and h.
2
Suppose 37 - 107 = 2*t. Let w be ((-784)/t + -4)/((-4)/(-10)). Calculate the greatest common factor of 69 and w.
23
Let k = 29425 + -29407. What is the greatest common divisor of k and 1614?
6
Let j = -21 - -23. Suppose 1 = -3*o + 7, g - j*o = 16. Let p = 3 + 57. Calculate the highest common divisor of g and p.
20
Suppose -6*a = 480 - 7092. Calculate the greatest common divisor of a and 638.
58
Let n(l) = 5*l**2 - 1087*l + 1076*l - 4*l**2 + 14. Let p be n(14). What is the greatest common divisor of 84 and p?
28
Let j be 6966/36 - (-4 + (-45)/(-10)). Calculate the greatest common divisor of 4439 and j.
193
Let c = 84 + 8. Let o(v) = 125*v - 19477. Let b be o(156). What is the highest common factor of c and b?
23
Suppose 4522 + 896 = 22*n - 1314. Calculate the highest common divisor of 54 and n.
18
Let l be 3/9 + 5900/30. Let q = l + -157. What is the greatest common factor of 5 and q?
5
Let c(y) be the third derivative of y**5/60 - y**4/6 + 7*y**3/6 + 3*y**2. Let k be c(8). Let m = 372 - 359. Calculate the highest common divisor of k and m.
13
Let u(b) = -2*b + 16. Suppose 16 = 4*y - 2*w, -3*y + 25 = 4*w + 24. Let x be u(y). What is the greatest common divisor of x and 190?
10
Let d(t) = -2*t**2 - 26*t + 3. Let f be d(-13). Let v(r) = 4*r**2 + 3*r - 7. Let u be v(f). What is the greatest common divisor of 19 and u?
19
Let g(r) = 10*r - 87. Let v be g(9). Suppose -v*x = -7*x + 672. Calculate the greatest common factor of x and 21.
21
Let f be ((-1611)/(-6) - 3) + (-203)/406. What is the highest common factor of 2226 and f?
53
Let i = -2261 - -2397. What is the greatest common factor of 17 and i?
17
Suppose 0*c - 4*c + 4*l + 8 = 0, -18 = -3*c - l. Suppose 3*w + c*b - 256 = -74, -5*w + 290 = 5*b. What is the highest common factor of 90 and w?
18
Let l = 23 - -34. Suppose 3*y - l = -2*k + 24, -3*y - 3*k + 81 = 0. Let w = 53 + -35. What is the highest common factor of w and y?
9
Let f(n) = 3*n**2 - 19*n + 24. Let k be f(12). Suppose -3*o = y - k, 2*o = 6*o + 5*y - 315. What is the highest common divisor of 5 and o?
5
Let x(k) = k**2 + 153*k + 2890. Let t be x(-22). Let l = 13 + 1. What is the greatest common factor of l and t?
2
Suppose -2 = 3*q - 4*q. Suppose 66 = 3*x - 2*i, i + q*i = 0. Suppose -3*s + x = -20. What is the greatest common divisor of 42 and s?
14
Let p be (16/(-3))/(4/(-24)). Suppose 0 = 6*x - 10*x - p. Let y be (-8)